{"id":1133,"date":"2026-05-04T17:20:21","date_gmt":"2026-05-04T15:20:21","guid":{"rendered":"http:\/\/localhost\/wordpress_ITWorkers\/?page_id=1133"},"modified":"2026-05-04T18:08:31","modified_gmt":"2026-05-04T16:08:31","slug":"mentions-legales","status":"publish","type":"page","link":"https:\/\/www.itworkers.fr\/index.php\/mentions-legales\/","title":{"rendered":"Mentions l\u00e9gales"},"content":{"rendered":"\t\t<div data-elementor-type=\"wp-page\" data-elementor-id=\"1133\" class=\"elementor elementor-1133\" data-elementor-post-type=\"page\">\n\t\t\t\t<div class=\"elementor-element elementor-element-207253b e-con-full e-flex e-con e-parent\" data-id=\"207253b\" data-element_type=\"container\" data-e-type=\"container\">\n\t\t\t\t<div class=\"elementor-element elementor-element-ace06cb elementor-widget elementor-widget-heading\" data-id=\"ace06cb\" data-element_type=\"widget\" data-e-type=\"widget\" data-widget_type=\"heading.default\">\n\t\t\t\t\t<h2 class=\"elementor-heading-title elementor-size-default\">Mentions l\u00e9gales \u2013 IT WORKERS<\/h2>\t\t\t\t<\/div>\n\t\t\t\t<div class=\"elementor-element elementor-element-eb32bba elementor-widget elementor-widget-heading\" data-id=\"eb32bba\" data-element_type=\"widget\" data-e-type=\"widget\" data-widget_type=\"heading.default\">\n\t\t\t\t\t<h3 class=\"elementor-heading-title elementor-size-default\">\u00c9diteur du site<\/h3>\t\t\t\t<\/div>\n\t\t\t\t<div class=\"elementor-element elementor-element-7a9ad8b elementor-widget elementor-widget-text-editor\" data-id=\"7a9ad8b\" data-element_type=\"widget\" data-e-type=\"widget\" data-widget_type=\"text-editor.default\">\n\t\t\t\t\t\t\t\t\t<p class=\"p1\">Le pr\u00e9sent site est \u00e9dit\u00e9 par :<\/p><p class=\"p1\"><b>IT WORKERS<\/b><br \/>Soci\u00e9t\u00e9 par actions simplifi\u00e9e (SAS) au capital de 1 000,00 \u20ac<br \/>Si\u00e8ge social : 6 RPT SAINT MARC, 22300 LANNION<br \/>Num\u00e9ro SIRET : 849 545 967 00028<br \/>Num\u00e9ro TVA intracommunautaire : FR64 849545967<\/p><p class=\"p1\">Responsable de la publication :<br \/>Monsieur Ma\u00ebl Maurice Henri SIDANER, Pr\u00e9sident de la SAS<\/p><p class=\"p2\">Email : contact@itworkers.fr<br \/>T\u00e9l\u00e9phone : 02 96 48 48 34<\/p>\t\t\t\t\t\t\t\t<\/div>\n\t\t\t\t<div class=\"elementor-element elementor-element-3a8c0fd elementor-widget elementor-widget-heading\" data-id=\"3a8c0fd\" data-element_type=\"widget\" data-e-type=\"widget\" data-widget_type=\"heading.default\">\n\t\t\t\t\t<h3 class=\"elementor-heading-title elementor-size-default\">H\u00e9bergement<\/h3>\t\t\t\t<\/div>\n\t\t\t\t<div class=\"elementor-element elementor-element-e548e50 elementor-widget elementor-widget-text-editor\" data-id=\"e548e50\" data-element_type=\"widget\" data-e-type=\"widget\" data-widget_type=\"text-editor.default\">\n\t\t\t\t\t\t\t\t\t<p class=\"p1\">Le site est h\u00e9berg\u00e9 par :<\/p><p class=\"p2\"><b>OVHcloud<\/b><br \/>OVH SAS<br \/>2 rue Kellermann<br \/>59100 Roubaix \u2013 France<br \/>Site web : https:\/\/www.ovhcloud.com<\/p>\t\t\t\t\t\t\t\t<\/div>\n\t\t\t\t<div class=\"elementor-element elementor-element-26af257 elementor-widget elementor-widget-heading\" data-id=\"26af257\" data-element_type=\"widget\" data-e-type=\"widget\" data-widget_type=\"heading.default\">\n\t\t\t\t\t<h3 class=\"elementor-heading-title elementor-size-default\">Propri\u00e9t\u00e9 intellectuelle<\/h3>\t\t\t\t<\/div>\n\t\t\t\t<div class=\"elementor-element elementor-element-f56f8b5 elementor-widget elementor-widget-text-editor\" data-id=\"f56f8b5\" data-element_type=\"widget\" data-e-type=\"widget\" data-widget_type=\"text-editor.default\">\n\t\t\t\t\t\t\t\t\t<p class=\"p1\">L\u2019ensemble des \u00e9l\u00e9ments pr\u00e9sents sur le site (textes, images, graphismes, logo, ic\u00f4nes, etc.) sont la propri\u00e9t\u00e9 exclusive de IT WORKERS, sauf mentions contraires.<\/p><p class=\"p2\">Toute reproduction, distribution, modification ou utilisation sans autorisation \u00e9crite pr\u00e9alable est interdite.<\/p>\t\t\t\t\t\t\t\t<\/div>\n\t\t\t\t<div class=\"elementor-element elementor-element-1862836 elementor-widget elementor-widget-heading\" data-id=\"1862836\" data-element_type=\"widget\" data-e-type=\"widget\" data-widget_type=\"heading.default\">\n\t\t\t\t\t<h3 class=\"elementor-heading-title elementor-size-default\">Donn\u00e9es personnelles<\/h3>\t\t\t\t<\/div>\n\t\t\t\t<div class=\"elementor-element elementor-element-6785feb elementor-widget elementor-widget-text-editor\" data-id=\"6785feb\" data-element_type=\"widget\" data-e-type=\"widget\" data-widget_type=\"text-editor.default\">\n\t\t\t\t\t\t\t\t\t<p class=\"p1\">Les donn\u00e9es collect\u00e9es via le formulaire de contact sont enregistr\u00e9es dans la base de donn\u00e9es du site et utilis\u00e9es uniquement pour r\u00e9pondre aux demandes des utilisateurs.<\/p><p class=\"p2\">Conform\u00e9ment au R\u00e8glement G\u00e9n\u00e9ral sur la Protection des Donn\u00e9es (RGPD), vous disposez des droits suivants :<\/p><ul><li>Droit d\u2019acc\u00e8s<\/li><li>Droit de rectification<\/li><li>Droit de suppression<\/li><\/ul><p class=\"p4\">Vous pouvez exercer ces droits en contactant : contact@itworkers.fr<\/p>\t\t\t\t\t\t\t\t<\/div>\n\t\t\t\t<div class=\"elementor-element elementor-element-32d052c elementor-widget elementor-widget-heading\" data-id=\"32d052c\" data-element_type=\"widget\" data-e-type=\"widget\" data-widget_type=\"heading.default\">\n\t\t\t\t\t<h3 class=\"elementor-heading-title elementor-size-default\">Cookies<\/h3>\t\t\t\t<\/div>\n\t\t\t\t<div class=\"elementor-element elementor-element-7e6e03f elementor-widget elementor-widget-text-editor\" data-id=\"7e6e03f\" data-element_type=\"widget\" data-e-type=\"widget\" data-widget_type=\"text-editor.default\">\n\t\t\t\t\t\t\t\t\t<p class=\"p1\">Le site utilise des cookies afin d\u2019am\u00e9liorer l\u2019exp\u00e9rience utilisateur et de mesurer l\u2019audience, notamment via Google Analytics.<\/p><p class=\"p2\">Vous pouvez configurer votre navigateur pour refuser tout ou partie des cookies.<\/p>\t\t\t\t\t\t\t\t<\/div>\n\t\t\t\t<div class=\"elementor-element elementor-element-1154593 elementor-widget elementor-widget-heading\" data-id=\"1154593\" data-element_type=\"widget\" data-e-type=\"widget\" data-widget_type=\"heading.default\">\n\t\t\t\t\t<h3 class=\"elementor-heading-title elementor-size-default\">Activit\u00e9<\/h3>\t\t\t\t<\/div>\n\t\t\t\t<div class=\"elementor-element elementor-element-072d6da elementor-widget elementor-widget-text-editor\" data-id=\"072d6da\" data-element_type=\"widget\" data-e-type=\"widget\" data-widget_type=\"text-editor.default\">\n\t\t\t\t\t\t\t\t\t<p class=\"p1\">IT WORKERS exerce une activit\u00e9 de commerce de d\u00e9tail d\u2019ordinateurs, d\u2019unit\u00e9s p\u00e9riph\u00e9riques et de logiciels en magasin sp\u00e9cialis\u00e9.<\/p>\t\t\t\t\t\t\t\t<\/div>\n\t\t\t\t<div class=\"elementor-element elementor-element-22c102d elementor-widget elementor-widget-heading\" data-id=\"22c102d\" data-element_type=\"widget\" data-e-type=\"widget\" data-widget_type=\"heading.default\">\n\t\t\t\t\t<h3 class=\"elementor-heading-title elementor-size-default\">Responsabilit\u00e9<\/h3>\t\t\t\t<\/div>\n\t\t\t\t<div class=\"elementor-element elementor-element-75f6b9b elementor-widget elementor-widget-text-editor\" data-id=\"75f6b9b\" data-element_type=\"widget\" data-e-type=\"widget\" data-widget_type=\"text-editor.default\">\n\t\t\t\t\t\t\t\t\t<p class=\"p1\">IT WORKERS s\u2019efforce d\u2019assurer l\u2019exactitude des informations diffus\u00e9es sur le site, mais ne saurait \u00eatre tenue responsable des erreurs, omissions ou d\u2019une indisponibilit\u00e9 des informations.<\/p><p class=\"p2\">L\u2019utilisateur est seul responsable de l\u2019utilisation des informations pr\u00e9sentes sur le site.<\/p>\t\t\t\t\t\t\t\t<\/div>\n\t\t\t\t<div class=\"elementor-element elementor-element-249081e elementor-widget elementor-widget-heading\" data-id=\"249081e\" data-element_type=\"widget\" data-e-type=\"widget\" data-widget_type=\"heading.default\">\n\t\t\t\t\t<h3 class=\"elementor-heading-title elementor-size-default\">Droit applicable<\/h3>\t\t\t\t<\/div>\n\t\t\t\t<div class=\"elementor-element elementor-element-b969863 elementor-widget elementor-widget-text-editor\" data-id=\"b969863\" data-element_type=\"widget\" data-e-type=\"widget\" data-widget_type=\"text-editor.default\">\n\t\t\t\t\t\t\t\t\t<p class=\"p1\">Le pr\u00e9sent site est soumis au droit fran\u00e7ais.<br \/>En cas de litige, les tribunaux comp\u00e9tents seront ceux du ressort du si\u00e8ge social de la soci\u00e9t\u00e9.<\/p>\t\t\t\t\t\t\t\t<\/div>\n\t\t\t\t<\/div>\n\t\t\t\t<\/div>\n\t\t","protected":false},"excerpt":{"rendered":"<p>Mentions l\u00e9gales \u2013 IT WORKERS \u00c9diteur du site Le pr\u00e9sent site est \u00e9dit\u00e9 par : IT WORKERSSoci\u00e9t\u00e9 par actions simplifi\u00e9e (SAS) au capital de 1 000,00 \u20acSi\u00e8ge social : 6 RPT SAINT MARC, 22300 LANNIONNum\u00e9ro SIRET : 849 545 967 00028Num\u00e9ro TVA intracommunautaire : FR64 849545967 Responsable de la publication :Monsieur Ma\u00ebl Maurice Henri SIDANER, [&hellip;]<\/p>\n","protected":false},"author":1,"featured_media":0,"parent":0,"menu_order":0,"comment_status":"closed","ping_status":"closed","template":"","meta":{"footnotes":""},"class_list":["post-1133","page","type-page","status-publish","hentry"],"_links":{"self":[{"href":"https:\/\/www.itworkers.fr\/index.php\/wp-json\/wp\/v2\/pages\/1133","targetHints":{"allow":["GET"]}}],"collection":[{"href":"https:\/\/www.itworkers.fr\/index.php\/wp-json\/wp\/v2\/pages"}],"about":[{"href":"https:\/\/www.itworkers.fr\/index.php\/wp-json\/wp\/v2\/types\/page"}],"author":[{"embeddable":true,"href":"https:\/\/www.itworkers.fr\/index.php\/wp-json\/wp\/v2\/users\/1"}],"replies":[{"embeddable":true,"href":"https:\/\/www.itworkers.fr\/index.php\/wp-json\/wp\/v2\/comments?post=1133"}],"version-history":[{"count":0,"href":"https:\/\/www.itworkers.fr\/index.php\/wp-json\/wp\/v2\/pages\/1133\/revisions"}],"wp:attachment":[{"href":"https:\/\/www.itworkers.fr\/index.php\/wp-json\/wp\/v2\/media?parent=1133"}],"curies":[{"name":"wp","href":"https:\/\/api.w.org\/{rel}","templated":true}]}}