{"id":1175,"date":"2026-05-04T18:17:20","date_gmt":"2026-05-04T16:17:20","guid":{"rendered":"http:\/\/localhost\/wordpress_ITWorkers\/?page_id=1175"},"modified":"2026-05-06T15:33:36","modified_gmt":"2026-05-06T13:33:36","slug":"lequipe-itworkers","status":"publish","type":"page","link":"https:\/\/www.itworkers.fr\/index.php\/lequipe-itworkers\/","title":{"rendered":"L&rsquo;\u00e9quipe ITWorkers"},"content":{"rendered":"\t\t<div data-elementor-type=\"wp-page\" data-elementor-id=\"1175\" class=\"elementor elementor-1175\" data-elementor-post-type=\"page\">\n\t\t\t\t<div class=\"elementor-element elementor-element-6139d79 e-con-full e-flex e-con e-parent\" data-id=\"6139d79\" data-element_type=\"container\" data-e-type=\"container\" data-settings=\"{&quot;background_background&quot;:&quot;classic&quot;}\">\n\t\t\t\t<div class=\"elementor-element elementor-element-b22286c elementor-widget elementor-widget-text-editor\" data-id=\"b22286c\" data-element_type=\"widget\" data-e-type=\"widget\" data-widget_type=\"text-editor.default\">\n\t\t\t\t\t\t\t\t\t<p>Les visages de l&rsquo;expertise<\/p>\t\t\t\t\t\t\t\t<\/div>\n\t\t\t\t<div class=\"elementor-element elementor-element-0964b94 elementor-widget elementor-widget-heading\" data-id=\"0964b94\" data-element_type=\"widget\" data-e-type=\"widget\" data-widget_type=\"heading.default\">\n\t\t\t\t\t<h2 class=\"elementor-heading-title elementor-size-default\">L\u2019\u00e9quipe IT Workers<\/h2>\t\t\t\t<\/div>\n\t\t\t\t<\/div>\n\t\t<div class=\"elementor-element elementor-element-b14d6a9 e-con-full e-flex e-con e-parent\" data-id=\"b14d6a9\" data-element_type=\"container\" data-e-type=\"container\">\n\t\t<div class=\"elementor-element elementor-element-82c2c30 e-flex e-con-boxed e-con e-child\" data-id=\"82c2c30\" data-element_type=\"container\" data-e-type=\"container\">\n\t\t\t\t\t<div class=\"e-con-inner\">\n\t\t<div class=\"elementor-element elementor-element-dcad63c e-con-full e-transform e-flex e-con e-child\" data-id=\"dcad63c\" data-element_type=\"container\" data-e-type=\"container\" data-settings=\"{&quot;_transform_scale_effect_hover&quot;:{&quot;unit&quot;:&quot;px&quot;,&quot;size&quot;:1.02,&quot;sizes&quot;:[]},&quot;_transform_scale_effect_hover_tablet&quot;:{&quot;unit&quot;:&quot;px&quot;,&quot;size&quot;:&quot;&quot;,&quot;sizes&quot;:[]},&quot;_transform_scale_effect_hover_mobile&quot;:{&quot;unit&quot;:&quot;px&quot;,&quot;size&quot;:&quot;&quot;,&quot;sizes&quot;:[]}}\">\n\t\t\t\t<div class=\"elementor-element elementor-element-e0f1229 elementor-widget elementor-widget-image\" data-id=\"e0f1229\" data-element_type=\"widget\" data-e-type=\"widget\" data-widget_type=\"image.default\">\n\t\t\t\t\t\t\t\t\t\t\t\t\t\t\t<img fetchpriority=\"high\" decoding=\"async\" width=\"399\" height=\"340\" src=\"https:\/\/www.itworkers.fr\/wp-content\/uploads\/2026\/05\/profile_picture1.png\" class=\"attachment-large size-large wp-image-1177\" alt=\"Avatar 3D technicien informatique avec casquette bleue IT Workers.\" srcset=\"https:\/\/www.itworkers.fr\/wp-content\/uploads\/2026\/05\/profile_picture1.png 399w, https:\/\/www.itworkers.fr\/wp-content\/uploads\/2026\/05\/profile_picture1-300x256.png 300w\" sizes=\"(max-width: 399px) 100vw, 399px\" \/>\t\t\t\t\t\t\t\t\t\t\t\t\t\t\t<\/div>\n\t\t<div class=\"elementor-element elementor-element-dc99f20 e-con-full e-flex e-con e-child\" data-id=\"dc99f20\" data-element_type=\"container\" data-e-type=\"container\" data-settings=\"{&quot;background_background&quot;:&quot;classic&quot;}\">\n\t\t\t\t<div class=\"elementor-element elementor-element-6b663d1 elementor-widget elementor-widget-heading\" data-id=\"6b663d1\" data-element_type=\"widget\" data-e-type=\"widget\" data-widget_type=\"heading.default\">\n\t\t\t\t\t<h2 class=\"elementor-heading-title elementor-size-default\">Ma\u00ebl<\/h2>\t\t\t\t<\/div>\n\t\t\t\t<div class=\"elementor-element elementor-element-979f826 elementor-widget elementor-widget-text-editor\" data-id=\"979f826\" data-element_type=\"widget\" data-e-type=\"widget\" data-widget_type=\"text-editor.default\">\n\t\t\t\t\t\t\t\t\t<p>Directeur Commercial &amp; Responsable Professionnel<\/p>\t\t\t\t\t\t\t\t<\/div>\n\t\t\t\t<div class=\"elementor-element elementor-element-94f9892 elementor-widget elementor-widget-text-editor\" data-id=\"94f9892\" data-element_type=\"widget\" data-e-type=\"widget\" data-widget_type=\"text-editor.default\">\n\t\t\t\t\t\t\t\t\t<p><em>\u00ab\u00a0L&rsquo;innovation est un rythme, la r\u00e9ussite une partition.\u00a0\u00bb<\/em><\/p>\t\t\t\t\t\t\t\t<\/div>\n\t\t\t\t<div class=\"elementor-element elementor-element-4621bb2 elementor-widget elementor-widget-text-editor\" data-id=\"4621bb2\" data-element_type=\"widget\" data-e-type=\"widget\" data-widget_type=\"text-editor.default\">\n\t\t\t\t\t\t\t\t\t<p>V\u00e9ritable chef d\u2019orchestre de vos projets, Ma\u00ebl met son go\u00fbt du challenge au service de votre croissance.<\/p><p>Passionn\u00e9 par les nouvelles technologies et musicien dans l&rsquo;\u00e2me, il aborde chaque dossier avec une polyvalence rare : celle de comprendre vos enjeux business tout en ma\u00eetrisant les r\u00e9alit\u00e9s techniques.<\/p><p>Son objectif ? Vous accompagner avec une vision strat\u00e9gique claire et une r\u00e9activit\u00e9 sans faille.<\/p>\t\t\t\t\t\t\t\t<\/div>\n\t\t\t\t<\/div>\n\t\t\t\t<\/div>\n\t\t<div class=\"elementor-element elementor-element-dfcfff9 e-con-full e-transform e-flex e-con e-child\" data-id=\"dfcfff9\" data-element_type=\"container\" data-e-type=\"container\" data-settings=\"{&quot;_transform_scale_effect_hover&quot;:{&quot;unit&quot;:&quot;px&quot;,&quot;size&quot;:1.02,&quot;sizes&quot;:[]},&quot;_transform_scale_effect_hover_tablet&quot;:{&quot;unit&quot;:&quot;px&quot;,&quot;size&quot;:&quot;&quot;,&quot;sizes&quot;:[]},&quot;_transform_scale_effect_hover_mobile&quot;:{&quot;unit&quot;:&quot;px&quot;,&quot;size&quot;:&quot;&quot;,&quot;sizes&quot;:[]}}\">\n\t\t\t\t<div class=\"elementor-element elementor-element-93005bc elementor-widget elementor-widget-image\" data-id=\"93005bc\" data-element_type=\"widget\" data-e-type=\"widget\" data-widget_type=\"image.default\">\n\t\t\t\t\t\t\t\t\t\t\t\t\t\t\t<img decoding=\"async\" width=\"399\" height=\"340\" src=\"https:\/\/www.itworkers.fr\/wp-content\/uploads\/2026\/05\/Profile_picture2.png\" class=\"attachment-large size-large wp-image-1178\" alt=\"Illustration 3D personnage souriant pour section de pr\u00e9sentation des \u00e9quipes.\" srcset=\"https:\/\/www.itworkers.fr\/wp-content\/uploads\/2026\/05\/Profile_picture2.png 399w, https:\/\/www.itworkers.fr\/wp-content\/uploads\/2026\/05\/Profile_picture2-300x256.png 300w\" sizes=\"(max-width: 399px) 100vw, 399px\" \/>\t\t\t\t\t\t\t\t\t\t\t\t\t\t\t<\/div>\n\t\t<div class=\"elementor-element elementor-element-beb3802 e-con-full e-flex e-con e-child\" data-id=\"beb3802\" data-element_type=\"container\" data-e-type=\"container\" data-settings=\"{&quot;background_background&quot;:&quot;classic&quot;}\">\n\t\t\t\t<div class=\"elementor-element elementor-element-4bf47df elementor-widget elementor-widget-heading\" data-id=\"4bf47df\" data-element_type=\"widget\" data-e-type=\"widget\" data-widget_type=\"heading.default\">\n\t\t\t\t\t<h2 class=\"elementor-heading-title elementor-size-default\">Damien<\/h2>\t\t\t\t<\/div>\n\t\t\t\t<div class=\"elementor-element elementor-element-9c16350 elementor-widget elementor-widget-text-editor\" data-id=\"9c16350\" data-element_type=\"widget\" data-e-type=\"widget\" data-widget_type=\"text-editor.default\">\n\t\t\t\t\t\t\t\t\t<p>Directeur Commercial &amp; Responsable Professionnel<\/p>\t\t\t\t\t\t\t\t<\/div>\n\t\t\t\t<div class=\"elementor-element elementor-element-375befa elementor-widget elementor-widget-text-editor\" data-id=\"375befa\" data-element_type=\"widget\" data-e-type=\"widget\" data-widget_type=\"text-editor.default\">\n\t\t\t\t\t\t\t\t\t<p><em>\u00ab\u00a0L&rsquo;innovation est un rythme, la r\u00e9ussite une partition.\u00a0\u00bb<\/em><\/p>\t\t\t\t\t\t\t\t<\/div>\n\t\t\t\t<div class=\"elementor-element elementor-element-78b5286 elementor-widget elementor-widget-text-editor\" data-id=\"78b5286\" data-element_type=\"widget\" data-e-type=\"widget\" data-widget_type=\"text-editor.default\">\n\t\t\t\t\t\t\t\t\t<p>\u00c0 l\u2019aise aussi bien sur Minecraft que sur Satisfactory, Damien applique surtout son sens de l\u2019optimisation dans notre atelier.<\/p><p>V\u00e9ritable \u201cmultiprise\u201d de l\u2019informatique, il intervient sur tous les fronts : hardware, pro, virus ou installation.<\/p><p>Form\u00e9 avec passion sur le terrain, il a grandi avec l\u2019entreprise.<\/p><p>Transparent et p\u00e9dagogue, il explique chaque intervention pour des solutions fiables, durables et bien comprises.<\/p>\t\t\t\t\t\t\t\t<\/div>\n\t\t\t\t<\/div>\n\t\t\t\t<\/div>\n\t\t<div class=\"elementor-element elementor-element-64a3b28 e-con-full e-transform e-flex e-con e-child\" data-id=\"64a3b28\" data-element_type=\"container\" data-e-type=\"container\" data-settings=\"{&quot;_transform_scale_effect_hover&quot;:{&quot;unit&quot;:&quot;px&quot;,&quot;size&quot;:1.02,&quot;sizes&quot;:[]},&quot;_transform_scale_effect_hover_tablet&quot;:{&quot;unit&quot;:&quot;px&quot;,&quot;size&quot;:&quot;&quot;,&quot;sizes&quot;:[]},&quot;_transform_scale_effect_hover_mobile&quot;:{&quot;unit&quot;:&quot;px&quot;,&quot;size&quot;:&quot;&quot;,&quot;sizes&quot;:[]}}\">\n\t\t\t\t<div class=\"elementor-element elementor-element-0034216 elementor-widget elementor-widget-image\" data-id=\"0034216\" data-element_type=\"widget\" data-e-type=\"widget\" data-widget_type=\"image.default\">\n\t\t\t\t\t\t\t\t\t\t\t\t\t\t\t<img decoding=\"async\" width=\"400\" height=\"340\" src=\"https:\/\/www.itworkers.fr\/wp-content\/uploads\/2026\/05\/Profile_picture3.png\" class=\"attachment-large size-large wp-image-1179\" alt=\"Personnage 3D avec bandeau rouge &#039;En Construction&#039; pour maintenance du site.\" srcset=\"https:\/\/www.itworkers.fr\/wp-content\/uploads\/2026\/05\/Profile_picture3.png 400w, https:\/\/www.itworkers.fr\/wp-content\/uploads\/2026\/05\/Profile_picture3-300x255.png 300w\" sizes=\"(max-width: 400px) 100vw, 400px\" \/>\t\t\t\t\t\t\t\t\t\t\t\t\t\t\t<\/div>\n\t\t<div class=\"elementor-element elementor-element-51554a8 e-con-full e-flex e-con e-child\" data-id=\"51554a8\" data-element_type=\"container\" data-e-type=\"container\" data-settings=\"{&quot;background_background&quot;:&quot;classic&quot;}\">\n\t\t\t\t<div class=\"elementor-element elementor-element-f7b2ead elementor-widget elementor-widget-heading\" data-id=\"f7b2ead\" data-element_type=\"widget\" data-e-type=\"widget\" data-widget_type=\"heading.default\">\n\t\t\t\t\t<h2 class=\"elementor-heading-title elementor-size-default\">Math\u00e9o<\/h2>\t\t\t\t<\/div>\n\t\t\t\t<div class=\"elementor-element elementor-element-be6c30b elementor-widget elementor-widget-text-editor\" data-id=\"be6c30b\" data-element_type=\"widget\" data-e-type=\"widget\" data-widget_type=\"text-editor.default\">\n\t\t\t\t\t\t\t\t\t<p>Directeur Commercial &amp; Responsable Professionnel<\/p>\t\t\t\t\t\t\t\t<\/div>\n\t\t\t\t<div class=\"elementor-element elementor-element-fb57ce6 elementor-widget elementor-widget-text-editor\" data-id=\"fb57ce6\" data-element_type=\"widget\" data-e-type=\"widget\" data-widget_type=\"text-editor.default\">\n\t\t\t\t\t\t\t\t\t<p>\u201cDu premier contact \u00e0 la solution finale, le sens du service avant tout.\u201d<\/p>\t\t\t\t\t\t\t\t<\/div>\n\t\t\t\t<div class=\"elementor-element elementor-element-cff37ff elementor-widget elementor-widget-text-editor\" data-id=\"cff37ff\" data-element_type=\"widget\" data-e-type=\"widget\" data-widget_type=\"text-editor.default\">\n\t\t\t\t\t\t\t\t\t<p>Toujours pr\u00eat \u00e0 conseiller en boutique, Matt\u00e9o met son \u00e9nergie et son sens du contact au service de chaque client.<\/p><p>Dynamique et orient\u00e9 r\u00e9sultats, il sait aussi bien accompagner un besoin simple que construire une solution adapt\u00e9e.<\/p><p>Baign\u00e9 dans l\u2019informatique depuis toujours, il allie aisance commerciale et bonnes bases techniques.<\/p><p>Tr\u00e8s bon public, il apporte une touche de bonne humeur tout en restant efficace et \u00e0 l\u2019\u00e9coute.<\/p>\t\t\t\t\t\t\t\t<\/div>\n\t\t\t\t<\/div>\n\t\t\t\t<\/div>\n\t\t\t\t\t<\/div>\n\t\t\t\t<\/div>\n\t\t\t\t<\/div>\n\t\t\t\t<\/div>\n\t\t","protected":false},"excerpt":{"rendered":"<p>Les visages de l&rsquo;expertise L\u2019\u00e9quipe IT Workers Ma\u00ebl Directeur Commercial &amp; Responsable Professionnel \u00ab\u00a0L&rsquo;innovation est un rythme, la r\u00e9ussite une partition.\u00a0\u00bb V\u00e9ritable chef d\u2019orchestre de vos projets, Ma\u00ebl met son go\u00fbt du challenge au service de votre croissance. Passionn\u00e9 par les nouvelles technologies et musicien dans l&rsquo;\u00e2me, il aborde chaque dossier avec une polyvalence rare [&hellip;]<\/p>\n","protected":false},"author":1,"featured_media":0,"parent":0,"menu_order":0,"comment_status":"closed","ping_status":"closed","template":"","meta":{"footnotes":""},"class_list":["post-1175","page","type-page","status-publish","hentry"],"_links":{"self":[{"href":"https:\/\/www.itworkers.fr\/index.php\/wp-json\/wp\/v2\/pages\/1175","targetHints":{"allow":["GET"]}}],"collection":[{"href":"https:\/\/www.itworkers.fr\/index.php\/wp-json\/wp\/v2\/pages"}],"about":[{"href":"https:\/\/www.itworkers.fr\/index.php\/wp-json\/wp\/v2\/types\/page"}],"author":[{"embeddable":true,"href":"https:\/\/www.itworkers.fr\/index.php\/wp-json\/wp\/v2\/users\/1"}],"replies":[{"embeddable":true,"href":"https:\/\/www.itworkers.fr\/index.php\/wp-json\/wp\/v2\/comments?post=1175"}],"version-history":[{"count":0,"href":"https:\/\/www.itworkers.fr\/index.php\/wp-json\/wp\/v2\/pages\/1175\/revisions"}],"wp:attachment":[{"href":"https:\/\/www.itworkers.fr\/index.php\/wp-json\/wp\/v2\/media?parent=1175"}],"curies":[{"name":"wp","href":"https:\/\/api.w.org\/{rel}","templated":true}]}}