{"id":819,"date":"2026-04-30T15:45:29","date_gmt":"2026-04-30T13:45:29","guid":{"rendered":"http:\/\/localhost\/wordpress_ITWorkers\/?page_id=819"},"modified":"2026-05-07T17:50:22","modified_gmt":"2026-05-07T15:50:22","slug":"reseau-infrastructure","status":"publish","type":"page","link":"https:\/\/www.itworkers.fr\/index.php\/reseau-infrastructure\/","title":{"rendered":"R\u00e9seau &#038; Infrastructure"},"content":{"rendered":"\t\t<div data-elementor-type=\"wp-page\" data-elementor-id=\"819\" class=\"elementor elementor-819\" data-elementor-post-type=\"page\">\n\t\t\t\t<div class=\"elementor-element elementor-element-4da7a37 e-con-full e-flex e-con e-parent\" data-id=\"4da7a37\" data-element_type=\"container\" data-e-type=\"container\" data-settings=\"{&quot;background_background&quot;:&quot;classic&quot;}\">\n\t\t\t\t<div class=\"elementor-element elementor-element-54dd9fe elementor-widget elementor-widget-text-editor\" data-id=\"54dd9fe\" data-element_type=\"widget\" data-e-type=\"widget\" data-widget_type=\"text-editor.default\">\n\t\t\t\t\t\t\t\t\t<p>Une infrastructure r\u00e9seau fiable pour soutenir votre activit\u00e9<\/p>\t\t\t\t\t\t\t\t<\/div>\n\t\t\t\t<div class=\"elementor-element elementor-element-40ff2b3 elementor-widget elementor-widget-heading\" data-id=\"40ff2b3\" data-element_type=\"widget\" data-e-type=\"widget\" data-widget_type=\"heading.default\">\n\t\t\t\t\t<h2 class=\"elementor-heading-title elementor-size-default\">R\u00e9seau &amp; Infrastructure<\/h2>\t\t\t\t<\/div>\n\t\t\t\t<\/div>\n\t\t<div class=\"elementor-element elementor-element-b0dcd66 e-con-full e-flex e-con e-parent\" data-id=\"b0dcd66\" data-element_type=\"container\" data-e-type=\"container\">\n\t\t<div class=\"elementor-element elementor-element-f494c9d e-con-full e-flex e-con e-child\" data-id=\"f494c9d\" data-element_type=\"container\" data-e-type=\"container\" data-settings=\"{&quot;background_background&quot;:&quot;classic&quot;}\">\n\t\t\t\t<\/div>\n\t\t<div class=\"elementor-element elementor-element-f8b4040 e-con-full e-flex e-con e-child\" data-id=\"f8b4040\" data-element_type=\"container\" data-e-type=\"container\">\n\t\t\t\t<div class=\"elementor-element elementor-element-2d2cd60 elementor-widget elementor-widget-heading\" data-id=\"2d2cd60\" data-element_type=\"widget\" data-e-type=\"widget\" data-widget_type=\"heading.default\">\n\t\t\t\t\t<h2 class=\"elementor-heading-title elementor-size-default\">Conception, Installation et Maintenance<\/h2>\t\t\t\t<\/div>\n\t\t\t\t<div class=\"elementor-element elementor-element-38af4e6 elementor-widget elementor-widget-text-editor\" data-id=\"38af4e6\" data-element_type=\"widget\" data-e-type=\"widget\" data-widget_type=\"text-editor.default\">\n\t\t\t\t\t\t\t\t\t<p>Nous concevons et d\u00e9ployons des infrastructures r\u00e9seau performantes et s\u00e9curis\u00e9es pour les entreprises.<\/p><p>De l\u2019installation \u00e0 la maintenance, nous assurons stabilit\u00e9, \u00e9volutivit\u00e9 et protection de vos donn\u00e9es.<\/p><p>Nous prenons en charge le suivi et la maintenance de votre r\u00e9seau pour assurer son bon fonctionnement.<\/p>\t\t\t\t\t\t\t\t<\/div>\n\t\t\t\t<div class=\"elementor-element elementor-element-123608e elementor-mobile-align-center elementor-widget elementor-widget-button\" data-id=\"123608e\" data-element_type=\"widget\" data-e-type=\"widget\" data-widget_type=\"button.default\">\n\t\t\t\t\t\t\t\t\t\t<a class=\"elementor-button elementor-button-link elementor-size-sm\" href=\"https:\/\/www.itworkers.fr\/index.php\/contact\/\">\n\t\t\t\t\t\t<span class=\"elementor-button-content-wrapper\">\n\t\t\t\t\t\t\t\t\t<span class=\"elementor-button-text\">Prendre contact<\/span>\n\t\t\t\t\t<\/span>\n\t\t\t\t\t<\/a>\n\t\t\t\t\t\t\t\t<\/div>\n\t\t\t\t<\/div>\n\t\t\t\t<\/div>\n\t\t<div class=\"elementor-element elementor-element-3d87fad e-con-full e-flex e-con e-parent\" data-id=\"3d87fad\" data-element_type=\"container\" data-e-type=\"container\">\n\t\t\t\t<div class=\"elementor-element elementor-element-6337ae4 elementor-widget elementor-widget-heading\" data-id=\"6337ae4\" data-element_type=\"widget\" data-e-type=\"widget\" data-widget_type=\"heading.default\">\n\t\t\t\t\t<h2 class=\"elementor-heading-title elementor-size-default\">Les points forts<\/h2>\t\t\t\t<\/div>\n\t\t<div class=\"elementor-element elementor-element-f856c70 e-flex e-con-boxed e-con e-child\" data-id=\"f856c70\" data-element_type=\"container\" data-e-type=\"container\">\n\t\t\t\t\t<div class=\"e-con-inner\">\n\t\t<div class=\"elementor-element elementor-element-73a5614 e-con-full e-flex e-con e-child\" data-id=\"73a5614\" data-element_type=\"container\" data-e-type=\"container\">\n\t\t\t\t<div class=\"elementor-element elementor-element-00f0b25 elementor-widget elementor-widget-image\" data-id=\"00f0b25\" data-element_type=\"widget\" data-e-type=\"widget\" data-widget_type=\"image.default\">\n\t\t\t\t\t\t\t\t\t\t\t\t\t\t\t<img decoding=\"async\" width=\"100\" height=\"100\" src=\"https:\/\/www.itworkers.fr\/wp-content\/uploads\/2026\/04\/Vector-5.png\" class=\"elementor-animation-grow attachment-large size-large wp-image-825\" alt=\"Icone de s\u00e9curit\u00e9 et vie priv\u00e9e\" \/>\t\t\t\t\t\t\t\t\t\t\t\t\t\t\t<\/div>\n\t\t\t\t<div class=\"elementor-element elementor-element-e730770 elementor-widget elementor-widget-heading\" data-id=\"e730770\" data-element_type=\"widget\" data-e-type=\"widget\" data-widget_type=\"heading.default\">\n\t\t\t\t\t<h2 class=\"elementor-heading-title elementor-size-default\">S\u00e9curit\u00e9<\/h2>\t\t\t\t<\/div>\n\t\t\t\t<\/div>\n\t\t<div class=\"elementor-element elementor-element-2c32984 e-con-full e-flex e-con e-child\" data-id=\"2c32984\" data-element_type=\"container\" data-e-type=\"container\">\n\t\t\t\t<div class=\"elementor-element elementor-element-db41bcc elementor-widget elementor-widget-image\" data-id=\"db41bcc\" data-element_type=\"widget\" data-e-type=\"widget\" data-widget_type=\"image.default\">\n\t\t\t\t\t\t\t\t\t\t\t\t\t\t\t<img decoding=\"async\" width=\"88\" height=\"100\" src=\"https:\/\/www.itworkers.fr\/wp-content\/uploads\/2026\/04\/Vector-1.png\" class=\"elementor-animation-grow attachment-large size-large wp-image-821\" alt=\"Ic\u00f4ne conformit\u00e9 de s\u00e9curit\u00e9 et syst\u00e8me informatique certifi\u00e9.\" \/>\t\t\t\t\t\t\t\t\t\t\t\t\t\t\t<\/div>\n\t\t\t\t<div class=\"elementor-element elementor-element-04cb98c elementor-widget elementor-widget-heading\" data-id=\"04cb98c\" data-element_type=\"widget\" data-e-type=\"widget\" data-widget_type=\"heading.default\">\n\t\t\t\t\t<h2 class=\"elementor-heading-title elementor-size-default\">Fiabilit\u00e9<\/h2>\t\t\t\t<\/div>\n\t\t\t\t<\/div>\n\t\t<div class=\"elementor-element elementor-element-c9ff880 e-con-full e-flex e-con e-child\" data-id=\"c9ff880\" data-element_type=\"container\" data-e-type=\"container\">\n\t\t\t\t<div class=\"elementor-element elementor-element-62240f1 elementor-widget elementor-widget-image\" data-id=\"62240f1\" data-element_type=\"widget\" data-e-type=\"widget\" data-widget_type=\"image.default\">\n\t\t\t\t\t\t\t\t\t\t\t\t\t\t\t<img decoding=\"async\" width=\"100\" height=\"100\" src=\"https:\/\/www.itworkers.fr\/wp-content\/uploads\/2026\/04\/Vector-2-1.png\" class=\"elementor-animation-grow attachment-large size-large wp-image-822\" alt=\"Optimisation de la bande passante et test de vitesse internet.\" \/>\t\t\t\t\t\t\t\t\t\t\t\t\t\t\t<\/div>\n\t\t\t\t<div class=\"elementor-element elementor-element-9894690 elementor-widget elementor-widget-heading\" data-id=\"9894690\" data-element_type=\"widget\" data-e-type=\"widget\" data-widget_type=\"heading.default\">\n\t\t\t\t\t<h2 class=\"elementor-heading-title elementor-size-default\">Performances<\/h2>\t\t\t\t<\/div>\n\t\t\t\t<\/div>\n\t\t<div class=\"elementor-element elementor-element-c1a90ac e-con-full e-flex e-con e-child\" data-id=\"c1a90ac\" data-element_type=\"container\" data-e-type=\"container\">\n\t\t\t\t<div class=\"elementor-element elementor-element-a87da27 elementor-widget elementor-widget-image\" data-id=\"a87da27\" data-element_type=\"widget\" data-e-type=\"widget\" data-widget_type=\"image.default\">\n\t\t\t\t\t\t\t\t\t\t\t\t\t\t\t<img loading=\"lazy\" decoding=\"async\" width=\"94\" height=\"100\" src=\"https:\/\/www.itworkers.fr\/wp-content\/uploads\/2026\/04\/Vector-3-1.png\" class=\"elementor-animation-grow attachment-large size-large wp-image-823\" alt=\"Ic\u00f4ne port de connexion et interface mat\u00e9rielle.\" \/>\t\t\t\t\t\t\t\t\t\t\t\t\t\t\t<\/div>\n\t\t\t\t<div class=\"elementor-element elementor-element-2c50b61 elementor-widget elementor-widget-heading\" data-id=\"2c50b61\" data-element_type=\"widget\" data-e-type=\"widget\" data-widget_type=\"heading.default\">\n\t\t\t\t\t<h2 class=\"elementor-heading-title elementor-size-default\">Adapt\u00e9 \u00e0 vos besoins<\/h2>\t\t\t\t<\/div>\n\t\t\t\t<\/div>\n\t\t<div class=\"elementor-element elementor-element-c34b47d e-con-full e-flex e-con e-child\" data-id=\"c34b47d\" data-element_type=\"container\" data-e-type=\"container\">\n\t\t\t\t<div class=\"elementor-element elementor-element-a19b62c elementor-widget elementor-widget-image\" data-id=\"a19b62c\" data-element_type=\"widget\" data-e-type=\"widget\" data-widget_type=\"image.default\">\n\t\t\t\t\t\t\t\t\t\t\t\t\t\t\t<img loading=\"lazy\" decoding=\"async\" width=\"100\" height=\"100\" src=\"https:\/\/www.itworkers.fr\/wp-content\/uploads\/2026\/04\/Vector-4-1.png\" class=\"elementor-animation-grow attachment-large size-large wp-image-824\" alt=\"Suivi des performances r\u00e9seau et statistiques de trafic.\" \/>\t\t\t\t\t\t\t\t\t\t\t\t\t\t\t<\/div>\n\t\t\t\t<div class=\"elementor-element elementor-element-3211d7a elementor-widget elementor-widget-heading\" data-id=\"3211d7a\" data-element_type=\"widget\" data-e-type=\"widget\" data-widget_type=\"heading.default\">\n\t\t\t\t\t<h2 class=\"elementor-heading-title elementor-size-default\">\u00c9volutivit\u00e9<\/h2>\t\t\t\t<\/div>\n\t\t\t\t<\/div>\n\t\t\t\t\t<\/div>\n\t\t\t\t<\/div>\n\t\t\t\t<\/div>\n\t\t<div class=\"elementor-element elementor-element-4ce3a4dc e-flex e-con-boxed e-con e-parent\" data-id=\"4ce3a4dc\" data-element_type=\"container\" data-e-type=\"container\" data-settings=\"{&quot;background_background&quot;:&quot;classic&quot;}\">\n\t\t\t\t\t<div class=\"e-con-inner\">\n\t\t\t\t<div class=\"elementor-element elementor-element-6e1206cf elementor-widget elementor-widget-heading\" data-id=\"6e1206cf\" data-element_type=\"widget\" data-e-type=\"widget\" data-widget_type=\"heading.default\">\n\t\t\t\t\t<h2 class=\"elementor-heading-title elementor-size-default\">Vous souhaitez d\u00e9ployer une installation r\u00e9seau ?<\/h2>\t\t\t\t<\/div>\n\t\t\t\t<div class=\"elementor-element elementor-element-77a8468c elementor-widget elementor-widget-button\" data-id=\"77a8468c\" data-element_type=\"widget\" data-e-type=\"widget\" data-widget_type=\"button.default\">\n\t\t\t\t\t\t\t\t\t\t<a class=\"elementor-button elementor-button-link elementor-size-sm\" href=\"https:\/\/www.itworkers.fr\/index.php\/contact\/\">\n\t\t\t\t\t\t<span class=\"elementor-button-content-wrapper\">\n\t\t\t\t\t\t\t\t\t<span class=\"elementor-button-text\">Prendre contact<\/span>\n\t\t\t\t\t<\/span>\n\t\t\t\t\t<\/a>\n\t\t\t\t\t\t\t\t<\/div>\n\t\t\t\t\t<\/div>\n\t\t\t\t<\/div>\n\t\t\t\t<\/div>\n\t\t","protected":false},"excerpt":{"rendered":"<p>Une infrastructure r\u00e9seau fiable pour soutenir votre activit\u00e9 R\u00e9seau &amp; Infrastructure Conception, Installation et Maintenance Nous concevons et d\u00e9ployons des infrastructures r\u00e9seau performantes et s\u00e9curis\u00e9es pour les entreprises. De l\u2019installation \u00e0 la maintenance, nous assurons stabilit\u00e9, \u00e9volutivit\u00e9 et protection de vos donn\u00e9es. Nous prenons en charge le suivi et la maintenance de votre r\u00e9seau pour [&hellip;]<\/p>\n","protected":false},"author":1,"featured_media":0,"parent":0,"menu_order":0,"comment_status":"closed","ping_status":"closed","template":"","meta":{"footnotes":""},"class_list":["post-819","page","type-page","status-publish","hentry"],"_links":{"self":[{"href":"https:\/\/www.itworkers.fr\/index.php\/wp-json\/wp\/v2\/pages\/819","targetHints":{"allow":["GET"]}}],"collection":[{"href":"https:\/\/www.itworkers.fr\/index.php\/wp-json\/wp\/v2\/pages"}],"about":[{"href":"https:\/\/www.itworkers.fr\/index.php\/wp-json\/wp\/v2\/types\/page"}],"author":[{"embeddable":true,"href":"https:\/\/www.itworkers.fr\/index.php\/wp-json\/wp\/v2\/users\/1"}],"replies":[{"embeddable":true,"href":"https:\/\/www.itworkers.fr\/index.php\/wp-json\/wp\/v2\/comments?post=819"}],"version-history":[{"count":3,"href":"https:\/\/www.itworkers.fr\/index.php\/wp-json\/wp\/v2\/pages\/819\/revisions"}],"predecessor-version":[{"id":1715,"href":"https:\/\/www.itworkers.fr\/index.php\/wp-json\/wp\/v2\/pages\/819\/revisions\/1715"}],"wp:attachment":[{"href":"https:\/\/www.itworkers.fr\/index.php\/wp-json\/wp\/v2\/media?parent=819"}],"curies":[{"name":"wp","href":"https:\/\/api.w.org\/{rel}","templated":true}]}}